{"id":2,"date":"2018-01-01T00:13:07","date_gmt":"2018-01-01T00:13:07","guid":{"rendered":"http:\/?page_id=2"},"modified":"2025-10-11T18:28:42","modified_gmt":"2025-10-11T18:28:42","slug":"sample-page","status":"publish","type":"page","link":"https:\/\/fanimages.fr\/","title":{"rendered":"Joelle Fanimages PHOTOGRAPHIES"},"content":{"rendered":"\n<p><\/p>\n\n\n<p style=\"text-align: center;\"><i>J&#8217;aime la nature, la lumi\u00e8re et les couleurs depuis toujours. Me doter d&#8217;un reflex et d&#8217;un objectif macro est probablement une des meilleures choses qui me soit arriv\u00e9e : un champ infini d&#8217;investigations pour trouver LE sujet, excellent pr\u00e9texte par ailleurs \u00e0 de longues promenades dans les bois, les zones humides, les pelouses&nbsp;s\u00e8ches&#8230;et dans bien d&#8217;autres endroits encore.<\/i><\/p>\n<p style=\"text-align: center;\"><em>je vous souhaite une belle balade avec moi au fil de ces quelques images et pourquoi pas aussi en voyage &#8211; au loin ou pas &#8211; ?<\/em><\/p>\n<p><\/p>\n<hr>\n\n\n<div class=\"wp-container-5 wp-block-columns\">\n<div class=\"wp-container-1 wp-block-column is-vertically-aligned-top\"><div class=\"wp-block-image\">\n<figure class=\"aligncenter\"><a href=\"https:\/\/fanimages.fr\/?page_id=161\"><img loading=\"lazy\" width=\"1400\" height=\"933\" src=\"https:\/\/fanimages.fr\/wp-content\/uploads\/2020\/02\/25032016-_MG_4487-Modifier.jpg\" alt=\"\" class=\"wp-image-1049\" srcset=\"https:\/\/fanimages.fr\/wp-content\/uploads\/2020\/02\/25032016-_MG_4487-Modifier.jpg 1400w, https:\/\/fanimages.fr\/wp-content\/uploads\/2020\/02\/25032016-_MG_4487-Modifier-300x200.jpg 300w, https:\/\/fanimages.fr\/wp-content\/uploads\/2020\/02\/25032016-_MG_4487-Modifier-1024x682.jpg 1024w, https:\/\/fanimages.fr\/wp-content\/uploads\/2020\/02\/25032016-_MG_4487-Modifier-768x512.jpg 768w\" sizes=\"(max-width: 1400px) 100vw, 1400px\" \/><\/a><figcaption><em>Drops<\/em><\/figcaption><\/figure><\/div>\n\n\n<p><\/p>\n\n\n\n<figure class=\"wp-block-image size-full\"><a href=\"https:\/\/fanimages.fr\/?page_id=180\"><img loading=\"lazy\" width=\"1400\" height=\"933\" src=\"https:\/\/fanimages.fr\/wp-content\/uploads\/2019\/01\/26032018-_MG_8190.jpg\" alt=\"\" class=\"wp-image-232\" srcset=\"https:\/\/fanimages.fr\/wp-content\/uploads\/2019\/01\/26032018-_MG_8190.jpg 1400w, https:\/\/fanimages.fr\/wp-content\/uploads\/2019\/01\/26032018-_MG_8190-300x200.jpg 300w, https:\/\/fanimages.fr\/wp-content\/uploads\/2019\/01\/26032018-_MG_8190-768x512.jpg 768w, https:\/\/fanimages.fr\/wp-content\/uploads\/2019\/01\/26032018-_MG_8190-1024x682.jpg 1024w\" sizes=\"(max-width: 1400px) 100vw, 1400px\" \/><\/a><figcaption><em>Floralies<\/em><\/figcaption><\/figure>\n<\/div>\n\n\n\n<div class=\"wp-container-3 wp-block-column is-vertically-aligned-top\"><div class=\"wp-block-image\">\n<figure class=\"aligncenter size-full\"><a href=\"https:\/\/fanimages.fr\/?page_id=175\"><img loading=\"lazy\" width=\"1300\" height=\"867\" src=\"https:\/\/fanimages.fr\/wp-content\/uploads\/2020\/08\/15052020-_MG_7924-Modifier.jpg\" alt=\"\" class=\"wp-image-1238\" srcset=\"https:\/\/fanimages.fr\/wp-content\/uploads\/2020\/08\/15052020-_MG_7924-Modifier.jpg 1300w, https:\/\/fanimages.fr\/wp-content\/uploads\/2020\/08\/15052020-_MG_7924-Modifier-300x200.jpg 300w, https:\/\/fanimages.fr\/wp-content\/uploads\/2020\/08\/15052020-_MG_7924-Modifier-1024x683.jpg 1024w, https:\/\/fanimages.fr\/wp-content\/uploads\/2020\/08\/15052020-_MG_7924-Modifier-768x512.jpg 768w\" sizes=\"(max-width: 1300px) 100vw, 1300px\" \/><\/a><figcaption><em>orchid\u00e9es sauvages<\/em><\/figcaption><\/figure><\/div>\n\n\n<p><\/p>\n\n\n\n<figure class=\"wp-block-image size-large\"><a href=\"https:\/\/fanimages.fr\/?page_id=1153\"><img loading=\"lazy\" width=\"1024\" height=\"683\" src=\"https:\/\/fanimages.fr\/wp-content\/uploads\/2019\/01\/16092018-_MG_3075-1024x683.jpg\" alt=\"\" class=\"wp-image-118\" srcset=\"https:\/\/fanimages.fr\/wp-content\/uploads\/2019\/01\/16092018-_MG_3075-1024x683.jpg 1024w, https:\/\/fanimages.fr\/wp-content\/uploads\/2019\/01\/16092018-_MG_3075-300x200.jpg 300w, https:\/\/fanimages.fr\/wp-content\/uploads\/2019\/01\/16092018-_MG_3075-768x512.jpg 768w, https:\/\/fanimages.fr\/wp-content\/uploads\/2019\/01\/16092018-_MG_3075.jpg 1920w\" sizes=\"(max-width: 1024px) 100vw, 1024px\" \/><\/a><figcaption><em>Minimonde<\/em><\/figcaption><\/figure>\n\n\n\n<p><\/p>\n\n\n\n<div class=\"wp-container-2 wp-block-buttons\"><\/div>\n<\/div>\n\n\n\n<div class=\"wp-container-4 wp-block-column\"><div class=\"wp-block-image\">\n<figure class=\"aligncenter size-full\"><a href=\"https:\/\/fanimages.fr\/?page_id=195\"><img loading=\"lazy\" width=\"1400\" height=\"933\" src=\"https:\/\/fanimages.fr\/wp-content\/uploads\/2019\/01\/07102017-_MG_7486-1.jpg\" alt=\"\" class=\"wp-image-377\" srcset=\"https:\/\/fanimages.fr\/wp-content\/uploads\/2019\/01\/07102017-_MG_7486-1.jpg 1400w, https:\/\/fanimages.fr\/wp-content\/uploads\/2019\/01\/07102017-_MG_7486-1-300x200.jpg 300w, https:\/\/fanimages.fr\/wp-content\/uploads\/2019\/01\/07102017-_MG_7486-1-768x512.jpg 768w, https:\/\/fanimages.fr\/wp-content\/uploads\/2019\/01\/07102017-_MG_7486-1-1024x682.jpg 1024w\" sizes=\"(max-width: 1400px) 100vw, 1400px\" \/><\/a><figcaption><em>A ras de sol<\/em><\/figcaption><\/figure><\/div>\n\n\n<p><\/p>\n\n\n\n<figure class=\"wp-block-image size-full\"><a href=\"https:\/\/fanimages.fr\/?page_id=198\"><img loading=\"lazy\" width=\"1400\" height=\"933\" src=\"https:\/\/fanimages.fr\/wp-content\/uploads\/2020\/02\/05092018-_MG_0500.jpg\" alt=\"\" class=\"wp-image-1055\" srcset=\"https:\/\/fanimages.fr\/wp-content\/uploads\/2020\/02\/05092018-_MG_0500.jpg 1400w, https:\/\/fanimages.fr\/wp-content\/uploads\/2020\/02\/05092018-_MG_0500-300x200.jpg 300w, https:\/\/fanimages.fr\/wp-content\/uploads\/2020\/02\/05092018-_MG_0500-1024x682.jpg 1024w, https:\/\/fanimages.fr\/wp-content\/uploads\/2020\/02\/05092018-_MG_0500-768x512.jpg 768w\" sizes=\"(max-width: 1400px) 100vw, 1400px\" \/><\/a><figcaption><em>Au loin ou pas<\/em><\/figcaption><\/figure>\n\n\n\n<p><\/p>\n<\/div>\n<\/div>\n\n\n\n<div class=\"wp-container-9 wp-block-columns has-3-columns\">\n<div class=\"wp-container-6 wp-block-column\">\n<p><\/p>\n<\/div>\n\n\n\n<div class=\"wp-container-7 wp-block-column\">\n<p><\/p>\n<\/div>\n\n\n\n<div class=\"wp-container-8 wp-block-column\">\n<p><\/p>\n<\/div>\n<\/div>\n\n\n\n<div class=\"wp-container-13 wp-block-columns has-3-columns\">\n<div class=\"wp-container-10 wp-block-column\"><\/div>\n\n\n\n<div class=\"wp-container-11 wp-block-column\">\n<p><\/p>\n<\/div>\n\n\n\n<div class=\"wp-container-12 wp-block-column\">\n<p><\/p>\n<\/div>\n<\/div>\n","protected":false},"excerpt":{"rendered":"<p>J&#8217;aime la nature, la lumi\u00e8re et les couleurs depuis toujours. Me doter d&#8217;un reflex et d&#8217;un objectif macro est probablement une des meilleures&#8230;<\/p>\n","protected":false},"author":1,"featured_media":0,"parent":0,"menu_order":0,"comment_status":"closed","ping_status":"open","template":"","meta":[],"_links":{"self":[{"href":"https:\/\/fanimages.fr\/index.php?rest_route=\/wp\/v2\/pages\/2"}],"collection":[{"href":"https:\/\/fanimages.fr\/index.php?rest_route=\/wp\/v2\/pages"}],"about":[{"href":"https:\/\/fanimages.fr\/index.php?rest_route=\/wp\/v2\/types\/page"}],"author":[{"embeddable":true,"href":"https:\/\/fanimages.fr\/index.php?rest_route=\/wp\/v2\/users\/1"}],"replies":[{"embeddable":true,"href":"https:\/\/fanimages.fr\/index.php?rest_route=%2Fwp%2Fv2%2Fcomments&post=2"}],"version-history":[{"count":70,"href":"https:\/\/fanimages.fr\/index.php?rest_route=\/wp\/v2\/pages\/2\/revisions"}],"predecessor-version":[{"id":2019,"href":"https:\/\/fanimages.fr\/index.php?rest_route=\/wp\/v2\/pages\/2\/revisions\/2019"}],"wp:attachment":[{"href":"https:\/\/fanimages.fr\/index.php?rest_route=%2Fwp%2Fv2%2Fmedia&parent=2"}],"curies":[{"name":"wp","href":"https:\/\/api.w.org\/{rel}","templated":true}]}}

<p></p>


<p style="text-align: center;"><i>J&#8217;aime la nature, la lumière et les couleurs depuis toujours. Me doter d&#8217;un reflex et d&#8217;un objectif macro est probablement une des meilleures choses qui me soit arrivée : un champ infini d&#8217;investigations pour trouver LE sujet, excellent prétexte par ailleurs à de longues promenades dans les bois, les zones humides, les pelouses&nbsp;sèches&#8230;et dans bien d&#8217;autres endroits encore.</i></p>
<p style="text-align: center;"><em>je vous souhaite une belle balade avec moi au fil de ces quelques images et pourquoi pas aussi en voyage &#8211; au loin ou pas &#8211; ?</em></p>
<p></p>
<hr>


<div class="wp-container-5 wp-block-columns">
<div class="wp-container-1 wp-block-column is-vertically-aligned-top"><div class="wp-block-image">
<figure class="aligncenter"><a href="https://fanimages.fr/?page_id=161"><img loading="lazy" width="1400" height="933" src="https://fanimages.fr/wp-content/uploads/2020/02/25032016-_MG_4487-Modifier.jpg" alt="" class="wp-image-1049" srcset="https://fanimages.fr/wp-content/uploads/2020/02/25032016-_MG_4487-Modifier.jpg 1400w, https://fanimages.fr/wp-content/uploads/2020/02/25032016-_MG_4487-Modifier-300x200.jpg 300w, https://fanimages.fr/wp-content/uploads/2020/02/25032016-_MG_4487-Modifier-1024x682.jpg 1024w, https://fanimages.fr/wp-content/uploads/2020/02/25032016-_MG_4487-Modifier-768x512.jpg 768w" sizes="(max-width: 1400px) 100vw, 1400px" /></a><figcaption><em>Drops</em></figcaption></figure></div>


<p></p>



<figure class="wp-block-image size-full"><a href="https://fanimages.fr/?page_id=180"><img loading="lazy" width="1400" height="933" src="https://fanimages.fr/wp-content/uploads/2019/01/26032018-_MG_8190.jpg" alt="" class="wp-image-232" srcset="https://fanimages.fr/wp-content/uploads/2019/01/26032018-_MG_8190.jpg 1400w, https://fanimages.fr/wp-content/uploads/2019/01/26032018-_MG_8190-300x200.jpg 300w, https://fanimages.fr/wp-content/uploads/2019/01/26032018-_MG_8190-768x512.jpg 768w, https://fanimages.fr/wp-content/uploads/2019/01/26032018-_MG_8190-1024x682.jpg 1024w" sizes="(max-width: 1400px) 100vw, 1400px" /></a><figcaption><em>Floralies</em></figcaption></figure>
</div>



<div class="wp-container-3 wp-block-column is-vertically-aligned-top"><div class="wp-block-image">
<figure class="aligncenter size-full"><a href="https://fanimages.fr/?page_id=175"><img loading="lazy" width="1300" height="867" src="https://fanimages.fr/wp-content/uploads/2020/08/15052020-_MG_7924-Modifier.jpg" alt="" class="wp-image-1238" srcset="https://fanimages.fr/wp-content/uploads/2020/08/15052020-_MG_7924-Modifier.jpg 1300w, https://fanimages.fr/wp-content/uploads/2020/08/15052020-_MG_7924-Modifier-300x200.jpg 300w, https://fanimages.fr/wp-content/uploads/2020/08/15052020-_MG_7924-Modifier-1024x683.jpg 1024w, https://fanimages.fr/wp-content/uploads/2020/08/15052020-_MG_7924-Modifier-768x512.jpg 768w" sizes="(max-width: 1300px) 100vw, 1300px" /></a><figcaption><em>orchidées sauvages</em></figcaption></figure></div>


<p></p>



<figure class="wp-block-image size-large"><a href="https://fanimages.fr/?page_id=1153"><img loading="lazy" width="1024" height="683" src="https://fanimages.fr/wp-content/uploads/2019/01/16092018-_MG_3075-1024x683.jpg" alt="" class="wp-image-118" srcset="https://fanimages.fr/wp-content/uploads/2019/01/16092018-_MG_3075-1024x683.jpg 1024w, https://fanimages.fr/wp-content/uploads/2019/01/16092018-_MG_3075-300x200.jpg 300w, https://fanimages.fr/wp-content/uploads/2019/01/16092018-_MG_3075-768x512.jpg 768w, https://fanimages.fr/wp-content/uploads/2019/01/16092018-_MG_3075.jpg 1920w" sizes="(max-width: 1024px) 100vw, 1024px" /></a><figcaption><em>Minimonde</em></figcaption></figure>



<p></p>



<div class="wp-container-2 wp-block-buttons"></div>
</div>



<div class="wp-container-4 wp-block-column"><div class="wp-block-image">
<figure class="aligncenter size-full"><a href="https://fanimages.fr/?page_id=195"><img loading="lazy" width="1400" height="933" src="https://fanimages.fr/wp-content/uploads/2019/01/07102017-_MG_7486-1.jpg" alt="" class="wp-image-377" srcset="https://fanimages.fr/wp-content/uploads/2019/01/07102017-_MG_7486-1.jpg 1400w, https://fanimages.fr/wp-content/uploads/2019/01/07102017-_MG_7486-1-300x200.jpg 300w, https://fanimages.fr/wp-content/uploads/2019/01/07102017-_MG_7486-1-768x512.jpg 768w, https://fanimages.fr/wp-content/uploads/2019/01/07102017-_MG_7486-1-1024x682.jpg 1024w" sizes="(max-width: 1400px) 100vw, 1400px" /></a><figcaption><em>A ras de sol</em></figcaption></figure></div>


<p></p>



<figure class="wp-block-image size-full"><a href="https://fanimages.fr/?page_id=198"><img loading="lazy" width="1400" height="933" src="https://fanimages.fr/wp-content/uploads/2020/02/05092018-_MG_0500.jpg" alt="" class="wp-image-1055" srcset="https://fanimages.fr/wp-content/uploads/2020/02/05092018-_MG_0500.jpg 1400w, https://fanimages.fr/wp-content/uploads/2020/02/05092018-_MG_0500-300x200.jpg 300w, https://fanimages.fr/wp-content/uploads/2020/02/05092018-_MG_0500-1024x682.jpg 1024w, https://fanimages.fr/wp-content/uploads/2020/02/05092018-_MG_0500-768x512.jpg 768w" sizes="(max-width: 1400px) 100vw, 1400px" /></a><figcaption><em>Au loin ou pas</em></figcaption></figure>



<p></p>
</div>
</div>



<div class="wp-container-9 wp-block-columns has-3-columns">
<div class="wp-container-6 wp-block-column">
<p></p>
</div>



<div class="wp-container-7 wp-block-column">
<p></p>
</div>



<div class="wp-container-8 wp-block-column">
<p></p>
</div>
</div>



<div class="wp-container-13 wp-block-columns has-3-columns">
<div class="wp-container-10 wp-block-column"></div>



<div class="wp-container-11 wp-block-column">
<p></p>
</div>



<div class="wp-container-12 wp-block-column">
<p></p>
</div>
</div>

<p>J&#8217;aime la nature, la lumière et les couleurs depuis toujours. Me doter d&#8217;un reflex et d&#8217;un objectif macro est probablement une des meilleures&#8230;</p>
