{"id":1162,"date":"2020-06-08T16:27:31","date_gmt":"2020-06-08T16:27:31","guid":{"rendered":"https:\/\/fanimages.fr\/?page_id=1162"},"modified":"2023-12-05T17:42:17","modified_gmt":"2023-12-05T17:42:17","slug":"papillons","status":"publish","type":"page","link":"https:\/\/fanimages.fr\/?page_id=1162","title":{"rendered":"Papillons"},"content":{"rendered":"\n<div class=\"wp-container-1 wp-block-buttons\">\n<div class=\"wp-block-button aligncenter\"><a class=\"wp-block-button__link has-very-dark-gray-color has-text-color has-background\" href=\"https:\/\/fanimages.fr\/?page_id=1153\" style=\"background-color:#b9d3b3\"><em>Retour<\/em><\/a><\/div>\n<\/div>\n\n\n\n<p class=\"has-text-align-center\" style=\"line-height:5.3\"><div class=\"rl-gallery-container rl-loading\" id=\"rl-gallery-container-1\" data-gallery_id=\"1178\"> <div class=\"rl-gallery rl-basicmasonry-gallery \" id=\"rl-gallery-1\" data-gallery_no=\"1\"> <div class=\"rl-gutter-sizer\"><\/div><div class=\"rl-grid-sizer\"><\/div> <div class=\"rl-gallery-item rl-gallery-item-width-4\" > <div class=\"rl-gallery-item-content\"> <a href=\"https:\/\/fanimages.fr\/wp-content\/uploads\/2025\/07\/09072025-_MG_8814.jpg\" title=\"\" data-rl_title=\"\" class=\"rl-gallery-link\" data-rl_caption=\"\" data-rel=\"lightbox-gallery-1\"><img src=\"https:\/\/fanimages.fr\/wp-content\/uploads\/2025\/07\/09072025-_MG_8814-1024x683.jpg\" width=\"640\" height=\"427\" alt=\"\"\/><\/a> <\/div> <\/div> <div class=\"rl-gallery-item\" > <div class=\"rl-gallery-item-content\"> <a href=\"https:\/\/fanimages.fr\/wp-content\/uploads\/2025\/05\/01052025-_MG_4925.jpg\" title=\"\" data-rl_title=\"\" class=\"rl-gallery-link\" data-rl_caption=\"\" data-rel=\"lightbox-gallery-1\"><img src=\"https:\/\/fanimages.fr\/wp-content\/uploads\/2025\/05\/01052025-_MG_4925-730x1024.jpg\" width=\"640\" height=\"898\" alt=\"\"\/><\/a> <\/div> <\/div> <div class=\"rl-gallery-item\" > <div class=\"rl-gallery-item-content\"> <a href=\"https:\/\/fanimages.fr\/wp-content\/uploads\/2023\/05\/01052023-_MG_5895.jpg\" title=\"cuivr\u00e9 fuligineux\" data-rl_title=\"cuivr\u00e9 fuligineux\" class=\"rl-gallery-link\" data-rl_caption=\"\" data-rel=\"lightbox-gallery-1\"><img src=\"https:\/\/fanimages.fr\/wp-content\/uploads\/2023\/05\/01052023-_MG_5895-1024x683.jpg\" width=\"640\" height=\"427\" alt=\"\"\/><\/a> <\/div> <\/div> <div class=\"rl-gallery-item\" > <div class=\"rl-gallery-item-content\"> <a href=\"https:\/\/fanimages.fr\/wp-content\/uploads\/2025\/07\/28062025-_MG_7992-Modifier.jpg\" title=\"\" data-rl_title=\"\" class=\"rl-gallery-link\" data-rl_caption=\"\" data-rel=\"lightbox-gallery-1\"><img src=\"https:\/\/fanimages.fr\/wp-content\/uploads\/2025\/07\/28062025-_MG_7992-Modifier-1024x683.jpg\" width=\"640\" height=\"427\" alt=\"\"\/><\/a> <\/div> <\/div> <div class=\"rl-gallery-item\" > <div class=\"rl-gallery-item-content\"> <a href=\"https:\/\/fanimages.fr\/wp-content\/uploads\/2022\/12\/28042022-_MG_5004.jpg\" title=\"\" data-rl_title=\"\" class=\"rl-gallery-link\" data-rl_caption=\"\" data-rel=\"lightbox-gallery-1\"><img src=\"https:\/\/fanimages.fr\/wp-content\/uploads\/2022\/12\/28042022-_MG_5004-1024x683.jpg\" width=\"640\" height=\"427\" alt=\"\"\/><\/a> <\/div> <\/div> <div class=\"rl-gallery-item\" > <div class=\"rl-gallery-item-content\"> <a href=\"https:\/\/fanimages.fr\/wp-content\/uploads\/2022\/01\/11082021-_MG_4316.jpg\" title=\"\" data-rl_title=\"\" class=\"rl-gallery-link\" data-rl_caption=\"\" data-rel=\"lightbox-gallery-1\"><img src=\"https:\/\/fanimages.fr\/wp-content\/uploads\/2022\/01\/11082021-_MG_4316-1024x683.jpg\" width=\"640\" height=\"427\" alt=\"\"\/><\/a> <\/div> <\/div> <div class=\"rl-gallery-item\" > <div class=\"rl-gallery-item-content\"> <a href=\"https:\/\/fanimages.fr\/wp-content\/uploads\/2022\/04\/28042022-_MG_4919.jpg\" title=\"M\u00e9lit\u00e9e\" data-rl_title=\"M\u00e9lit\u00e9e\" class=\"rl-gallery-link\" data-rl_caption=\"\" data-rel=\"lightbox-gallery-1\"><img src=\"https:\/\/fanimages.fr\/wp-content\/uploads\/2022\/04\/28042022-_MG_4919-1024x683.jpg\" width=\"640\" height=\"427\" alt=\"\"\/><\/a> <\/div> <\/div> <div class=\"rl-gallery-item\" > <div class=\"rl-gallery-item-content\"> <a href=\"https:\/\/fanimages.fr\/wp-content\/uploads\/2022\/01\/11082021-_MG_4307.jpg\" title=\"\" data-rl_title=\"\" class=\"rl-gallery-link\" data-rl_caption=\"\" data-rel=\"lightbox-gallery-1\"><img src=\"https:\/\/fanimages.fr\/wp-content\/uploads\/2022\/01\/11082021-_MG_4307-1024x683.jpg\" width=\"640\" height=\"427\" alt=\"\"\/><\/a> <\/div> <\/div> <div class=\"rl-gallery-item\" > <div class=\"rl-gallery-item-content\"> <a href=\"https:\/\/fanimages.fr\/wp-content\/uploads\/2022\/01\/02052021-_MG_0966-Modifier.jpg\" title=\"\" data-rl_title=\"\" class=\"rl-gallery-link\" data-rl_caption=\"\" data-rel=\"lightbox-gallery-1\"><img src=\"https:\/\/fanimages.fr\/wp-content\/uploads\/2022\/01\/02052021-_MG_0966-Modifier-1024x691.jpg\" width=\"640\" height=\"432\" alt=\"\"\/><\/a> <\/div> <\/div> <div class=\"rl-gallery-item\" > <div class=\"rl-gallery-item-content\"> <a href=\"https:\/\/fanimages.fr\/wp-content\/uploads\/2021\/08\/12082021-_MG_4669.jpg\" title=\"\" data-rl_title=\"\" class=\"rl-gallery-link\" data-rl_caption=\"\" data-rel=\"lightbox-gallery-1\"><img src=\"https:\/\/fanimages.fr\/wp-content\/uploads\/2021\/08\/12082021-_MG_4669-683x1024.jpg\" width=\"640\" height=\"960\" alt=\"\"\/><\/a> <\/div> <\/div> <div class=\"rl-gallery-item\" > <div class=\"rl-gallery-item-content\"> <a href=\"https:\/\/fanimages.fr\/wp-content\/uploads\/2020\/08\/02072020-_MG_3487.jpg\" title=\"\" data-rl_title=\"\" class=\"rl-gallery-link\" data-rl_caption=\"\" data-rel=\"lightbox-gallery-1\"><img src=\"https:\/\/fanimages.fr\/wp-content\/uploads\/2020\/08\/02072020-_MG_3487-1024x683.jpg\" width=\"640\" height=\"427\" alt=\"\"\/><\/a> <\/div> <\/div> <div class=\"rl-gallery-item\" > <div class=\"rl-gallery-item-content\"> <a href=\"https:\/\/fanimages.fr\/wp-content\/uploads\/2024\/06\/16062024-_MG_5141.jpg\" title=\"\" data-rl_title=\"\" class=\"rl-gallery-link\" data-rl_caption=\"\" data-rel=\"lightbox-gallery-1\"><img src=\"https:\/\/fanimages.fr\/wp-content\/uploads\/2024\/06\/16062024-_MG_5141-1024x683.jpg\" width=\"640\" height=\"427\" alt=\"\"\/><\/a> <\/div> <\/div> <div class=\"rl-gallery-item\" > <div class=\"rl-gallery-item-content\"> <a href=\"https:\/\/fanimages.fr\/wp-content\/uploads\/2021\/01\/06072019-_MG_6098.jpg\" title=\"\" data-rl_title=\"\" class=\"rl-gallery-link\" data-rl_caption=\"\" data-rel=\"lightbox-gallery-1\"><img src=\"https:\/\/fanimages.fr\/wp-content\/uploads\/2021\/01\/06072019-_MG_6098-683x1024.jpg\" width=\"640\" height=\"960\" alt=\"\"\/><\/a> <\/div> <\/div> <div class=\"rl-gallery-item\" > <div class=\"rl-gallery-item-content\"> <a href=\"https:\/\/fanimages.fr\/wp-content\/uploads\/2020\/08\/30062020-_MG_2576.jpg\" title=\"\" data-rl_title=\"\" class=\"rl-gallery-link\" data-rl_caption=\"\" data-rel=\"lightbox-gallery-1\"><img src=\"https:\/\/fanimages.fr\/wp-content\/uploads\/2020\/08\/30062020-_MG_2576-1024x683.jpg\" width=\"640\" height=\"427\" alt=\"\"\/><\/a> <\/div> <\/div> <div class=\"rl-gallery-item\" > <div class=\"rl-gallery-item-content\"> <a href=\"https:\/\/fanimages.fr\/wp-content\/uploads\/2020\/08\/02072020-_MG_3449.jpg\" title=\"\" data-rl_title=\"\" class=\"rl-gallery-link\" data-rl_caption=\"\" data-rel=\"lightbox-gallery-1\"><img src=\"https:\/\/fanimages.fr\/wp-content\/uploads\/2020\/08\/02072020-_MG_3449-1024x683.jpg\" width=\"640\" height=\"427\" alt=\"\"\/><\/a> <\/div> <\/div> <div class=\"rl-gallery-item\" > <div class=\"rl-gallery-item-content\"> <a href=\"https:\/\/fanimages.fr\/wp-content\/uploads\/2022\/01\/02052021-_MG_1048.jpg\" title=\"\" data-rl_title=\"\" class=\"rl-gallery-link\" data-rl_caption=\"\" data-rel=\"lightbox-gallery-1\"><img src=\"https:\/\/fanimages.fr\/wp-content\/uploads\/2022\/01\/02052021-_MG_1048-683x1024.jpg\" width=\"640\" height=\"960\" alt=\"\"\/><\/a> <\/div> <\/div> <div class=\"rl-gallery-item\" > <div class=\"rl-gallery-item-content\"> <a href=\"https:\/\/fanimages.fr\/wp-content\/uploads\/2020\/08\/02072020-_MG_3339.jpg\" title=\"\" data-rl_title=\"\" class=\"rl-gallery-link\" data-rl_caption=\"\" data-rel=\"lightbox-gallery-1\"><img src=\"https:\/\/fanimages.fr\/wp-content\/uploads\/2020\/08\/02072020-_MG_3339-1024x683.jpg\" width=\"640\" height=\"427\" alt=\"\"\/><\/a> <\/div> <\/div> <div class=\"rl-gallery-item\" > <div class=\"rl-gallery-item-content\"> <a href=\"https:\/\/fanimages.fr\/wp-content\/uploads\/2020\/08\/01072020-_MG_3111-Modifier-2.jpg\" title=\"\" data-rl_title=\"\" class=\"rl-gallery-link\" data-rl_caption=\"\" data-rel=\"lightbox-gallery-1\"><img src=\"https:\/\/fanimages.fr\/wp-content\/uploads\/2020\/08\/01072020-_MG_3111-Modifier-2-1024x683.jpg\" width=\"640\" height=\"427\" alt=\"\"\/><\/a> <\/div> <\/div> <div class=\"rl-gallery-item\" > <div class=\"rl-gallery-item-content\"> <a href=\"https:\/\/fanimages.fr\/wp-content\/uploads\/2020\/08\/01072020-_MG_2888.jpg\" title=\"\" data-rl_title=\"\" class=\"rl-gallery-link\" data-rl_caption=\"\" data-rel=\"lightbox-gallery-1\"><img src=\"https:\/\/fanimages.fr\/wp-content\/uploads\/2020\/08\/01072020-_MG_2888-1024x683.jpg\" width=\"640\" height=\"427\" alt=\"\"\/><\/a> <\/div> <\/div> <div class=\"rl-gallery-item\" > <div class=\"rl-gallery-item-content\"> <a href=\"https:\/\/fanimages.fr\/wp-content\/uploads\/2020\/06\/07062019-_MG_4133.jpg\" title=\"\" data-rl_title=\"\" class=\"rl-gallery-link\" data-rl_caption=\"\" data-rel=\"lightbox-gallery-1\"><img src=\"https:\/\/fanimages.fr\/wp-content\/uploads\/2020\/06\/07062019-_MG_4133-683x1024.jpg\" width=\"640\" height=\"960\" alt=\"\"\/><\/a> <\/div> <\/div> <div class=\"rl-gallery-item\" > <div class=\"rl-gallery-item-content\"> <a href=\"https:\/\/fanimages.fr\/wp-content\/uploads\/2020\/06\/08062019-_MG_4363.jpg\" title=\"\" data-rl_title=\"\" class=\"rl-gallery-link\" data-rl_caption=\"\" data-rel=\"lightbox-gallery-1\"><img src=\"https:\/\/fanimages.fr\/wp-content\/uploads\/2020\/06\/08062019-_MG_4363-683x1024.jpg\" width=\"640\" height=\"960\" alt=\"\"\/><\/a> <\/div> <\/div> <div class=\"rl-gallery-item\" > <div class=\"rl-gallery-item-content\"> <a href=\"https:\/\/fanimages.fr\/wp-content\/uploads\/2020\/06\/09062019-_MG_4727.jpg\" title=\"\" data-rl_title=\"\" class=\"rl-gallery-link\" data-rl_caption=\"\" data-rel=\"lightbox-gallery-1\"><img src=\"https:\/\/fanimages.fr\/wp-content\/uploads\/2020\/06\/09062019-_MG_4727-1024x683.jpg\" width=\"640\" height=\"427\" alt=\"\"\/><\/a> <\/div> <\/div> <div class=\"rl-gallery-item\" > <div class=\"rl-gallery-item-content\"> <a href=\"https:\/\/fanimages.fr\/wp-content\/uploads\/2020\/06\/30082019-_MG_9126.jpg\" title=\"\" data-rl_title=\"\" class=\"rl-gallery-link\" data-rl_caption=\"\" data-rel=\"lightbox-gallery-1\"><img src=\"https:\/\/fanimages.fr\/wp-content\/uploads\/2020\/06\/30082019-_MG_9126-1024x683.jpg\" width=\"640\" height=\"427\" alt=\"\"\/><\/a> <\/div> <\/div> <div class=\"rl-gallery-item\" > <div class=\"rl-gallery-item-content\"> <a href=\"https:\/\/fanimages.fr\/wp-content\/uploads\/2024\/05\/03052024-_MG_3353-Modifier.jpg\" title=\"\" data-rl_title=\"\" class=\"rl-gallery-link\" data-rl_caption=\"\" data-rel=\"lightbox-gallery-1\"><img src=\"https:\/\/fanimages.fr\/wp-content\/uploads\/2024\/05\/03052024-_MG_3353-Modifier-1024x683.jpg\" width=\"640\" height=\"427\" alt=\"\"\/><\/a> <\/div> <\/div> <div class=\"rl-gallery-item\" > <div class=\"rl-gallery-item-content\"> <a href=\"https:\/\/fanimages.fr\/wp-content\/uploads\/2020\/06\/08062019-_MG_4681.jpg\" title=\"\" data-rl_title=\"\" class=\"rl-gallery-link\" data-rl_caption=\"\" data-rel=\"lightbox-gallery-1\"><img src=\"https:\/\/fanimages.fr\/wp-content\/uploads\/2020\/06\/08062019-_MG_4681-683x1024.jpg\" width=\"640\" height=\"960\" alt=\"\"\/><\/a> <\/div> <\/div> <div class=\"rl-gallery-item\" > <div class=\"rl-gallery-item-content\"> <a href=\"https:\/\/fanimages.fr\/wp-content\/uploads\/2019\/10\/07062019-_MG_4115.jpg\" title=\"\" data-rl_title=\"\" class=\"rl-gallery-link\" data-rl_caption=\"\" data-rel=\"lightbox-gallery-1\"><img src=\"https:\/\/fanimages.fr\/wp-content\/uploads\/2019\/10\/07062019-_MG_4115-683x1024.jpg\" width=\"640\" height=\"960\" alt=\"\"\/><\/a> <\/div> <\/div> <div class=\"rl-gallery-item\" > <div class=\"rl-gallery-item-content\"> <a href=\"https:\/\/fanimages.fr\/wp-content\/uploads\/2019\/08\/11042019-_MG_9327.jpg\" title=\"\" data-rl_title=\"\" class=\"rl-gallery-link\" data-rl_caption=\"\" data-rel=\"lightbox-gallery-1\"><img src=\"https:\/\/fanimages.fr\/wp-content\/uploads\/2019\/08\/11042019-_MG_9327-1024x683.jpg\" width=\"640\" height=\"427\" alt=\"\"\/><\/a> <\/div> <\/div> <div class=\"rl-gallery-item\" > <div class=\"rl-gallery-item-content\"> <a href=\"https:\/\/fanimages.fr\/wp-content\/uploads\/2019\/01\/15042019-_MG_9728.jpg\" title=\"\" data-rl_title=\"\" class=\"rl-gallery-link\" data-rl_caption=\"\" data-rel=\"lightbox-gallery-1\"><img src=\"https:\/\/fanimages.fr\/wp-content\/uploads\/2019\/01\/15042019-_MG_9728-1024x683.jpg\" width=\"640\" height=\"427\" alt=\"\"\/><\/a> <\/div> <\/div> <div class=\"rl-gallery-item\" > <div class=\"rl-gallery-item-content\"> <a href=\"https:\/\/fanimages.fr\/wp-content\/uploads\/2019\/01\/15072018-_MG_7256.jpg\" title=\"\" data-rl_title=\"\" class=\"rl-gallery-link\" data-rl_caption=\"\" data-rel=\"lightbox-gallery-1\"><img src=\"https:\/\/fanimages.fr\/wp-content\/uploads\/2019\/01\/15072018-_MG_7256-682x1024.jpg\" width=\"640\" height=\"961\" alt=\"\"\/><\/a> <\/div> <\/div> <div class=\"rl-gallery-item\" > <div class=\"rl-gallery-item-content\"> <a href=\"https:\/\/fanimages.fr\/wp-content\/uploads\/2019\/01\/18082018-_MG_8762.jpg\" title=\"\" data-rl_title=\"\" class=\"rl-gallery-link\" data-rl_caption=\"\" data-rel=\"lightbox-gallery-1\"><img src=\"https:\/\/fanimages.fr\/wp-content\/uploads\/2019\/01\/18082018-_MG_8762-1024x683.jpg\" width=\"640\" height=\"427\" alt=\"\"\/><\/a> <\/div> <\/div> <div class=\"rl-gallery-item\" > <div class=\"rl-gallery-item-content\"> <a href=\"https:\/\/fanimages.fr\/wp-content\/uploads\/2019\/01\/17062018-_MG_5794.jpg\" title=\"Papillons\" data-rl_title=\"Papillons\" class=\"rl-gallery-link\" data-rl_caption=\"\" data-rel=\"lightbox-gallery-1\"><img src=\"https:\/\/fanimages.fr\/wp-content\/uploads\/2019\/01\/17062018-_MG_5794-1024x683.jpg\" width=\"640\" height=\"427\" alt=\"\"\/><\/a> <\/div> <\/div> <div class=\"rl-gallery-item\" > <div class=\"rl-gallery-item-content\"> <a href=\"https:\/\/fanimages.fr\/wp-content\/uploads\/2019\/01\/17062018-_MG_5751.jpg\" title=\"Minimonde\" data-rl_title=\"Minimonde\" class=\"rl-gallery-link\" data-rl_caption=\"\" data-rel=\"lightbox-gallery-1\"><img src=\"https:\/\/fanimages.fr\/wp-content\/uploads\/2019\/01\/17062018-_MG_5751-1024x683.jpg\" width=\"640\" height=\"427\" alt=\"\"\/><\/a> <\/div> <\/div> <div class=\"rl-gallery-item\" > <div class=\"rl-gallery-item-content\"> <a href=\"https:\/\/fanimages.fr\/wp-content\/uploads\/2022\/01\/30062020-_MG_2571.jpg\" title=\"\" data-rl_title=\"\" class=\"rl-gallery-link\" data-rl_caption=\"\" data-rel=\"lightbox-gallery-1\"><img src=\"https:\/\/fanimages.fr\/wp-content\/uploads\/2022\/01\/30062020-_MG_2571-683x1024.jpg\" width=\"640\" height=\"960\" alt=\"\"\/><\/a> <\/div> <\/div> <div class=\"rl-gallery-item\" > <div class=\"rl-gallery-item-content\"> <a href=\"https:\/\/fanimages.fr\/wp-content\/uploads\/2022\/07\/08052022-_MG_5444.jpg\" title=\"m\u00e9lit\u00e9e du m\u00e9lampyre\" data-rl_title=\"m\u00e9lit\u00e9e du m\u00e9lampyre\" class=\"rl-gallery-link\" data-rl_caption=\"\" data-rel=\"lightbox-gallery-1\"><img src=\"https:\/\/fanimages.fr\/wp-content\/uploads\/2022\/07\/08052022-_MG_5444-1024x683.jpg\" width=\"640\" height=\"427\" alt=\"\"\/><\/a> <\/div> <\/div> <div class=\"rl-gallery-item\" > <div class=\"rl-gallery-item-content\"> <a href=\"https:\/\/fanimages.fr\/wp-content\/uploads\/2024\/04\/13052021-_MG_1321-1.jpg\" title=\"\" data-rl_title=\"\" class=\"rl-gallery-link\" data-rl_caption=\"\" data-rel=\"lightbox-gallery-1\"><img src=\"https:\/\/fanimages.fr\/wp-content\/uploads\/2024\/04\/13052021-_MG_1321-1-683x1024.jpg\" width=\"640\" height=\"960\" alt=\"\"\/><\/a> <\/div> <\/div> <div class=\"rl-gallery-item\" > <div class=\"rl-gallery-item-content\"> <a href=\"https:\/\/fanimages.fr\/wp-content\/uploads\/2024\/05\/29052022-_MG_6681-Modifier.jpg\" title=\"\" data-rl_title=\"\" class=\"rl-gallery-link\" data-rl_caption=\"\" data-rel=\"lightbox-gallery-1\"><img src=\"https:\/\/fanimages.fr\/wp-content\/uploads\/2024\/05\/29052022-_MG_6681-Modifier-1024x683.jpg\" width=\"640\" height=\"427\" alt=\"\"\/><\/a> <\/div> <\/div> <div class=\"rl-gallery-item\" > <div class=\"rl-gallery-item-content\"> <a href=\"https:\/\/fanimages.fr\/wp-content\/uploads\/2025\/05\/08042023-_MG_4627.jpg\" title=\"\" data-rl_title=\"\" class=\"rl-gallery-link\" data-rl_caption=\"\" data-rel=\"lightbox-gallery-1\"><img src=\"https:\/\/fanimages.fr\/wp-content\/uploads\/2025\/05\/08042023-_MG_4627-683x1024.jpg\" width=\"640\" height=\"960\" alt=\"\"\/><\/a> <\/div> <\/div> <\/div> <\/div><\/p>\n","protected":false},"excerpt":{"rendered":"","protected":false},"author":1,"featured_media":0,"parent":1153,"menu_order":0,"comment_status":"closed","ping_status":"closed","template":"","meta":[],"_links":{"self":[{"href":"https:\/\/fanimages.fr\/index.php?rest_route=\/wp\/v2\/pages\/1162"}],"collection":[{"href":"https:\/\/fanimages.fr\/index.php?rest_route=\/wp\/v2\/pages"}],"about":[{"href":"https:\/\/fanimages.fr\/index.php?rest_route=\/wp\/v2\/types\/page"}],"author":[{"embeddable":true,"href":"https:\/\/fanimages.fr\/index.php?rest_route=\/wp\/v2\/users\/1"}],"replies":[{"embeddable":true,"href":"https:\/\/fanimages.fr\/index.php?rest_route=%2Fwp%2Fv2%2Fcomments&post=1162"}],"version-history":[{"count":4,"href":"https:\/\/fanimages.fr\/index.php?rest_route=\/wp\/v2\/pages\/1162\/revisions"}],"predecessor-version":[{"id":1887,"href":"https:\/\/fanimages.fr\/index.php?rest_route=\/wp\/v2\/pages\/1162\/revisions\/1887"}],"up":[{"embeddable":true,"href":"https:\/\/fanimages.fr\/index.php?rest_route=\/wp\/v2\/pages\/1153"}],"wp:attachment":[{"href":"https:\/\/fanimages.fr\/index.php?rest_route=%2Fwp%2Fv2%2Fmedia&parent=1162"}],"curies":[{"name":"wp","href":"https:\/\/api.w.org\/{rel}","templated":true}]}}